{"id":436,"date":"2014-05-18T08:54:41","date_gmt":"2014-05-18T06:54:41","guid":{"rendered":"http:\/\/www.perfect-match-blog.de\/?page_id=436"},"modified":"2015-05-06T11:47:55","modified_gmt":"2015-05-06T09:47:55","slug":"technik-ecke","status":"publish","type":"page","link":"http:\/\/www.perfect-match-blog.de\/?page_id=436","title":{"rendered":"Technik Ecke"},"content":{"rendered":"<p>Zwei Themen m\u00f6chte ich gerne in der Technikecke beschreiben, zu denen wir immer wieder gefragt werden:<\/p>\n<p>1) Aufbau des Bordnetzwerks, mit der Besonderheit, das Daten aus den Bordinstrumenten wie AIS\/GPS\/WIND\/TIEFE usw. und auch Internet in einem Netzwerk verf\u00fcgbar sind.<\/p>\n<p>2) Internet im Ausland &#8211; SIM Karten&#8230; Wo bekommt man sie? Vor-und Nachteile<\/p>\n<p><strong>Bordnetzwerk:<\/strong><\/p>\n<p>Warum haben wir diesen Aufbau gew\u00e4hlt?<br \/>\nIn unserer ersten Saison mit Perfect Match, haben wir ein WLAN gehabt, in dem ausschlie\u00dflich die Daten der Bordinstrumente zur Verf\u00fcgung standen. Internet haben wir dann mit einem 2ten WLAN und einem mobilen Hotspot an die verschiedenen Ger\u00e4te an Bord verteilt.<\/p>\n<p>Das Ipad ist bei der Navigation st\u00e4ndig zu dem WLAN gewechselt, welches Internet hat und wir mussten st\u00e4ndig die WLAN`s manuel wechseln. Das hat uns ein Bisschen genervt, daher haben wir nach einer Varinate gesucht, beides zu kombinieren. Seit 2014 ist dann noch das AIS und eine externe WLAN-Antenne dazugekommen. Fertige Produkte haben wir dazu nicht gefunden. AIS mit WLAN stellt nur AIS und NMEA Daten ins Netz, Internet fehlt dann wieder.<\/p>\n<p>Ich habe mal unseren Aufbau garfisch dargestellt:<\/p>\n<p><a href=\"http:\/\/www.perfect-match-blog.de\/wp-content\/uploads\/2014\/09\/Folie1.png\"><img loading=\"lazy\" decoding=\"async\" class=\"alignnone size-medium wp-image-2808\" src=\"http:\/\/www.perfect-match-blog.de\/wp-content\/uploads\/2014\/09\/Folie1-300x168.png\" alt=\"Folie1\" width=\"300\" height=\"168\" srcset=\"http:\/\/www.perfect-match-blog.de\/wp-content\/uploads\/2014\/09\/Folie1-300x168.png 300w, http:\/\/www.perfect-match-blog.de\/wp-content\/uploads\/2014\/09\/Folie1-1024x576.png 1024w, http:\/\/www.perfect-match-blog.de\/wp-content\/uploads\/2014\/09\/Folie1-600x337.png 600w, http:\/\/www.perfect-match-blog.de\/wp-content\/uploads\/2014\/09\/Folie1-500x281.png 500w, http:\/\/www.perfect-match-blog.de\/wp-content\/uploads\/2014\/09\/Folie1.png 1280w\" sizes=\"auto, (max-width: 300px) 100vw, 300px\" \/><\/a><\/p>\n<p>Zu den Komponenten, von unten nach oben:<\/p>\n<p><strong>Raymarine ST60:<\/strong> Dieses sind die Bordinstrumente, die WIND GPS TIEFE GESCHWINDIGKEIT errechnen. Raymarine hat ein eigenes Bussystem, das sich Seatalk nennt. Um die Daten auf den allgemeinen NMEA 0183 Standart zu bringen ist die n\u00e4chste Komponente notwendig.<\/p>\n<p><strong>Gadepool NMEA Bridge:<\/strong> Dieses Ger\u00e4t wandelt die Daten des SEATALK Netz in NMEA Daten um, die dann von einer Vielzahl an Programmen verarbeitet werden k\u00f6nnen.<\/p>\n<p><strong> Rasperry Pi mit USB zu Seriell Wandler:<\/strong> Der Raspberry Pi ist ein Mini-Linux Computer, der einen geringen Stromverbrauch hat und ca. 30 EUR kostet. Als Festplatte wird eine herk\u00f6mmliche SD Karte verwendet. Bei uns hat der Raspberry die Aufgabe, die NMEA Daten WIND usw. aus der Raymarine Anlage, sowie die NMEA Daten des AIS zusammenzuf\u00fchren und trotz der unterschiedlichen Geschwindigkeiten im LAN \u00fcber TCP verf\u00fcgbar zu machen. Bisher verwenden wir das fertige Image von www.wellenvogel.de ohne Ver\u00e4nderungen. Der Raspberry ist dann per Kabel mit unserem Router verbunden.<\/p>\n<p>Zuk\u00fcnftig soll der Raspberry den Router noch einsparen, aber dazu sind einige \u00c4nderungen im LINUX notwendig. Baustelle wird sein, dass das UMTS\/LTE Modem im Raspberry seinen Dienst verrichtet und dass ein WLAN Adapter das WLAN zur Verf\u00fcgung stellt. Dann w\u00e4re das n\u00e4chste Ger\u00e4t \u00fcberfl\u00fcssig. Angefangen habe ich damit im Urlaub schon. Den ersten Schritt habe ich geschafft, der Raspberry kann mit einem 8,00 EUR USB WLAN Adapter ein WLAN bereitsstellen. Fehlt nun das 2. Ger\u00e4t unser LTE\/UMTS Modem.<\/p>\n<p><strong>WLAN ROUTER Dovado Tiny go<\/strong>: Dieser Router soll einer der schnellsten LTE Router sein und wurde daf\u00fcr viel gelobt. Der Vorteil ist:<\/p>\n<p>&#8211; eigener Akku und auch ohne Stromversorung h\u00e4lt der Akku ca. 5 Stunden<\/p>\n<p>&#8211; LAN Kabel Anschluss<\/p>\n<p>&#8211; WAN Kabel Anschluss<\/p>\n<p>Dieses ist ein herk\u00f6mlicher WLAN Router der das WLAN aufbaut mit dem LTE Stick die Internetverbindung herstellt und die aus dem LAN Kabel kommenden Daten des AIS und der Instrumente verf\u00fcgbar macht.<\/p>\n<p><strong>Ubiquitti Bullet 2HP externe WLAN Antenne:\u00a0<\/strong>Dieses ist eine Outdoorantenne mit integrierten Router. Sie wird benutzt um eine schnelle, stabile Verbindung mit HOTSPOTS herzustellen und diese dann in unserem Bordnetzwerk f\u00fcr alle Ger\u00e4te zur Verf\u00fcgung zu stellen.<\/p>\n<p>Der Vorteil ist, dass das Signal direkt an der Antenne umgesetzt wird und nicht durch ein Antennkabel mit Verlusten l\u00e4uft. Diese Antenne haben wir im Heck angeklippst und k\u00f6nnen sie bei Bedarf am Achterstark hochziehen um die Reichweite zu erh\u00f6hen.<\/p>\n<p><strong>Fazit aus 2014<\/strong> zu diesem Ger\u00e4t&#8230; Wir haben das UMTS \/ LTE Netz vorgezogen, da die Geschwindigkeit in den meisten F\u00e4llen deutlich schneller war.<\/p>\n<p>&nbsp;<\/p>\n","protected":false},"excerpt":{"rendered":"<p>Zwei Themen m\u00f6chte ich gerne in der Technikecke beschreiben, zu denen wir immer wieder gefragt werden: 1) Aufbau des Bordnetzwerks, mit der Besonderheit, das Daten aus den Bordinstrumenten wie AIS\/GPS\/WIND\/TIEFE usw. und auch Internet in einem Netzwerk verf\u00fcgbar sind. 2) &hellip; <a href=\"http:\/\/www.perfect-match-blog.de\/?page_id=436\">Weiterlesen <span class=\"meta-nav\">&rarr;<\/span><\/a><\/p>\n","protected":false},"author":1,"featured_media":0,"parent":121,"menu_order":0,"comment_status":"closed","ping_status":"open","template":"","meta":{"footnotes":""},"class_list":["post-436","page","type-page","status-publish","hentry"],"jetpack_sharing_enabled":true,"_links":{"self":[{"href":"http:\/\/www.perfect-match-blog.de\/index.php?rest_route=\/wp\/v2\/pages\/436","targetHints":{"allow":["GET"]}}],"collection":[{"href":"http:\/\/www.perfect-match-blog.de\/index.php?rest_route=\/wp\/v2\/pages"}],"about":[{"href":"http:\/\/www.perfect-match-blog.de\/index.php?rest_route=\/wp\/v2\/types\/page"}],"author":[{"embeddable":true,"href":"http:\/\/www.perfect-match-blog.de\/index.php?rest_route=\/wp\/v2\/users\/1"}],"replies":[{"embeddable":true,"href":"http:\/\/www.perfect-match-blog.de\/index.php?rest_route=%2Fwp%2Fv2%2Fcomments&post=436"}],"version-history":[{"count":9,"href":"http:\/\/www.perfect-match-blog.de\/index.php?rest_route=\/wp\/v2\/pages\/436\/revisions"}],"predecessor-version":[{"id":3218,"href":"http:\/\/www.perfect-match-blog.de\/index.php?rest_route=\/wp\/v2\/pages\/436\/revisions\/3218"}],"up":[{"embeddable":true,"href":"http:\/\/www.perfect-match-blog.de\/index.php?rest_route=\/wp\/v2\/pages\/121"}],"wp:attachment":[{"href":"http:\/\/www.perfect-match-blog.de\/index.php?rest_route=%2Fwp%2Fv2%2Fmedia&parent=436"}],"curies":[{"name":"wp","href":"https:\/\/api.w.org\/{rel}","templated":true}]}}